{"id":83,"date":"2024-04-14T13:40:41","date_gmt":"2024-04-14T11:40:41","guid":{"rendered":"http:\/\/meinbsv.de\/ehrengarde\/?page_id=83"},"modified":"2024-05-10T16:09:09","modified_gmt":"2024-05-10T14:09:09","slug":"geschichte-der-ehrengarde","status":"publish","type":"page","link":"https:\/\/meinbsv.de\/ehrengarde\/geschichte-der-ehrengarde\/","title":{"rendered":"Geschichte der Ehrengarde"},"content":{"rendered":"<div data-colibri-id=\"83-c1\" class=\"style-274 style-local-83-c1 position-relative\">\n  <!---->\n  <div data-colibri-component=\"section\" data-colibri-id=\"83-c2\" id=\"custom\" class=\"h-section h-section-global-spacing d-flex align-items-lg-center align-items-md-center align-items-center style-275 style-local-83-c2 position-relative\">\n    <!---->\n    <!---->\n    <div class=\"h-section-grid-container h-section-boxed-container\">\n      <!---->\n      <div data-colibri-id=\"83-c3\" class=\"h-row-container gutters-row-lg-2 gutters-row-md-2 gutters-row-0 gutters-row-v-lg-2 gutters-row-v-md-2 gutters-row-v-2 style-276 style-local-83-c3 position-relative\">\n        <!---->\n        <div class=\"h-row justify-content-lg-center justify-content-md-center justify-content-center align-items-lg-stretch align-items-md-stretch align-items-stretch gutters-col-lg-2 gutters-col-md-2 gutters-col-0 gutters-col-v-lg-2 gutters-col-v-md-2 gutters-col-v-2\">\n          <!---->\n          <div class=\"h-column h-column-container d-flex h-col-lg h-col-md h-col-auto style-277-outer style-local-83-c4-outer\">\n            <div data-colibri-id=\"83-c4\" class=\"d-flex h-flex-basis h-column__inner h-px-lg-2 h-px-md-2 h-px-2 v-inner-lg-2 v-inner-md-2 v-inner-2 style-277 style-local-83-c4 position-relative\">\n              <!---->\n              <!---->\n              <div class=\"w-100 h-y-container h-column__content h-column__v-align flex-basis-100 align-self-lg-start align-self-md-start align-self-start\">\n                <!---->\n                <div data-colibri-id=\"83-c5\" class=\"h-global-transition-all h-heading style-278 style-local-83-c5 position-relative h-element\">\n                  <!---->\n                  <div class=\"h-heading__outer style-278 style-local-83-c5\">\n                    <!---->\n                    <!---->\n                    <h1 class=\"\">Die Geschichte der Ehrengarde Freckenhorst<\/h1>\n                  <\/div>\n                <\/div>\n                <div data-colibri-id=\"83-c6\" class=\"h-text h-text-component style-279 style-local-83-c6 position-relative h-element\">\n                  <!---->\n                  <!---->\n                  <div class=\"\">\n                    <p>Im Jahre 1925, 89 Jahre nach Gr\u00fcndung des Sch\u00fctzenvereins, wurde unter dem Pr\u00e4ses Heinrich Wolff eine Ehrengarde ins Leben gerufen.\n                      <br> Hugo Goldkuhle \u00fcbernahm die Leitung der&nbsp;<em>B\u00fcrgers\u00f6hne<\/em>&nbsp;im Alter von 18 bis 20 Jahren, deren&nbsp;<em>erster Kommandeur Theo Preckel<\/em>&nbsp;wurde.<\/p>\n                    <p>In den folgenden Jahren wurde unter den Kommandeuren Heinrich Dufhues, Heinrich D\u00fcpmann, Alois Hellmann, Ludger Greskamp, Theo P\u00f6sentrup, Ulrich R\u00f6hrs und Markus B\u00f6hmer die Garde zu einem festen Bestandteil des B\u00fcrgersch\u00fctzenvereins,\n                      aus dem er immer neuen Nachwuchs und frische Lebenskraft gewann.<\/p>\n                  <\/div>\n                <\/div>\n              <\/div>\n            <\/div>\n          <\/div>\n        <\/div>\n      <\/div>\n      <div data-colibri-id=\"83-c7\" class=\"h-row-container gutters-row-lg-2 gutters-row-md-2 gutters-row-0 gutters-row-v-lg-2 gutters-row-v-md-2 gutters-row-v-2 style-282 style-local-83-c7 position-relative\">\n        <!---->\n        <div class=\"h-row justify-content-lg-center justify-content-md-center justify-content-center align-items-lg-stretch align-items-md-stretch align-items-stretch gutters-col-lg-2 gutters-col-md-2 gutters-col-0 gutters-col-v-lg-2 gutters-col-v-md-2 gutters-col-v-2\">\n          <!---->\n          <div class=\"h-column h-column-container d-flex h-col-lg-auto h-col-md-auto h-col-auto style-283-outer style-local-83-c8-outer\">\n            <div data-colibri-id=\"83-c8\" class=\"d-flex h-flex-basis h-column__inner h-px-lg-2 h-px-md-2 h-px-2 v-inner-lg-2 v-inner-md-2 v-inner-2 style-283 style-local-83-c8 position-relative\">\n              <!---->\n              <!---->\n              <div class=\"w-100 h-y-container h-column__content h-column__v-align flex-basis-100 align-self-lg-start align-self-md-start align-self-start\">\n                <!---->\n                <div data-colibri-component=\"counter\" data-colibri-id=\"83-c9\" class=\"h-counter style-281 style-local-83-c9 position-relative h-element\">\n                  <!---->\n                  <div class=\"d-inline-block container-counters\">\n                    <!---->\n                    <div class=\"counter-container d-flex justify-content-lg-center justify-content-md-center justify-content-center\">\n                      <!---->\n                      <div class=\"d-flex align-items-center\">\n                        <!----><span class=\"h-counter-control simple-counter colibri-counter-4 \">\n  0\n<\/span><\/div>\n                    <\/div>\n                    <div class=\"counter-title d-flex title-number justify-content-lg-center justify-content-md-center justify-content-center\">\n                      Kommandeure der Ehrengarde bis heute\n                    <\/div>\n                  <\/div>\n                <\/div>\n              <\/div>\n            <\/div>\n          <\/div>\n        <\/div>\n      <\/div>\n      <div data-colibri-id=\"83-c10\" class=\"h-row-container gutters-row-lg-2 gutters-row-md-2 gutters-row-0 gutters-row-v-lg-2 gutters-row-v-md-2 gutters-row-v-2 style-284 style-local-83-c10 position-relative\">\n        <!---->\n        <div class=\"h-row justify-content-lg-center justify-content-md-center justify-content-center align-items-lg-stretch align-items-md-stretch align-items-stretch gutters-col-lg-2 gutters-col-md-2 gutters-col-0 gutters-col-v-lg-2 gutters-col-v-md-2 gutters-col-v-2\">\n          <!---->\n          <div class=\"h-column h-column-container d-flex h-col-lg-auto h-col-md-auto h-col-auto style-285-outer style-local-83-c11-outer\">\n            <div data-colibri-id=\"83-c11\" class=\"d-flex h-flex-basis h-column__inner h-px-lg-2 h-px-md-2 h-px-2 v-inner-lg-2 v-inner-md-2 v-inner-2 style-285 style-local-83-c11 position-relative\">\n              <!---->\n              <!---->\n              <div class=\"w-100 h-y-container h-column__content h-column__v-align flex-basis-100 align-self-lg-start align-self-md-start align-self-start\">\n                <!---->\n                <div data-colibri-id=\"83-c12\" class=\"style-286 style-local-83-c12 position-relative h-element\">\n                  <!---->\n                  <div class=\"\">\r\n<div class=\"timeline-content vertical-center vertical-3 timeline-post-341\" id=\"vertical-basic\">\r\n    <ul class=\"timeline timeline-centered\">\r\n            <li class=\"timeline-item\">\r\n            <div class=\"timeline-info\">\r\n                <span>1925 - ca.1933<\/span>\r\n            <\/div>\r\n            <div class=\"timeline-marker\"><\/div>\r\n            <div class=\"timeline-content\">\r\n                <h3 class=\"timeline-title\">Theo Preckel<\/h3>\r\n                <div class=\"timeline-img\">\r\n                                    <\/div>\r\n                <p class=\"timeline-text\"> <\/p>\r\n            <\/div>\r\n        <\/li>\r\n            <li class=\"timeline-item\">\r\n            <div class=\"timeline-info\">\r\n                <span>ca. 1933 - 1938<\/span>\r\n            <\/div>\r\n            <div class=\"timeline-marker\"><\/div>\r\n            <div class=\"timeline-content\">\r\n                <h3 class=\"timeline-title\">Heinrich Dufhues<\/h3>\r\n                <div class=\"timeline-img\">\r\n                                    <\/div>\r\n                <p class=\"timeline-text\"> <\/p>\r\n            <\/div>\r\n        <\/li>\r\n            <li class=\"timeline-item\">\r\n            <div class=\"timeline-info\">\r\n                <span>1938 - 1954<\/span>\r\n            <\/div>\r\n            <div class=\"timeline-marker\"><\/div>\r\n            <div class=\"timeline-content\">\r\n                <h3 class=\"timeline-title\">Heinrich D\u00fcppmann<\/h3>\r\n                <div class=\"timeline-img\">\r\n                                    <\/div>\r\n                <p class=\"timeline-text\"> <\/p>\r\n            <\/div>\r\n        <\/li>\r\n            <li class=\"timeline-item\">\r\n            <div class=\"timeline-info\">\r\n                <span>1954 - 1976<\/span>\r\n            <\/div>\r\n            <div class=\"timeline-marker\"><\/div>\r\n            <div class=\"timeline-content\">\r\n                <h3 class=\"timeline-title\">Alois Hellmann<\/h3>\r\n                <div class=\"timeline-img\">\r\n                                    <\/div>\r\n                <p class=\"timeline-text\"> <\/p>\r\n            <\/div>\r\n        <\/li>\r\n            <li class=\"timeline-item\">\r\n            <div class=\"timeline-info\">\r\n                <span>1976 - 1981<\/span>\r\n            <\/div>\r\n            <div class=\"timeline-marker\"><\/div>\r\n            <div class=\"timeline-content\">\r\n                <h3 class=\"timeline-title\">Ludger Greskamp<\/h3>\r\n                <div class=\"timeline-img\">\r\n                                    <\/div>\r\n                <p class=\"timeline-text\"> <\/p>\r\n            <\/div>\r\n        <\/li>\r\n            <li class=\"timeline-item\">\r\n            <div class=\"timeline-info\">\r\n                <span>1981 - 1987<\/span>\r\n            <\/div>\r\n            <div class=\"timeline-marker\"><\/div>\r\n            <div class=\"timeline-content\">\r\n                <h3 class=\"timeline-title\">Theo P\u00f6sentrup<\/h3>\r\n                <div class=\"timeline-img\">\r\n                                    <\/div>\r\n                <p class=\"timeline-text\"> <\/p>\r\n            <\/div>\r\n        <\/li>\r\n            <li class=\"timeline-item\">\r\n            <div class=\"timeline-info\">\r\n                <span>1987 - 2001<\/span>\r\n            <\/div>\r\n            <div class=\"timeline-marker\"><\/div>\r\n            <div class=\"timeline-content\">\r\n                <h3 class=\"timeline-title\">Ulrich R\u00f6hrs<\/h3>\r\n                <div class=\"timeline-img\">\r\n                                    <\/div>\r\n                <p class=\"timeline-text\"> <\/p>\r\n            <\/div>\r\n        <\/li>\r\n            <li class=\"timeline-item\">\r\n            <div class=\"timeline-info\">\r\n                <span>2001 - 2009<\/span>\r\n            <\/div>\r\n            <div class=\"timeline-marker\"><\/div>\r\n            <div class=\"timeline-content\">\r\n                <h3 class=\"timeline-title\">Markus B\u00f6hmer<\/h3>\r\n                <div class=\"timeline-img\">\r\n                                    <\/div>\r\n                <p class=\"timeline-text\"> <\/p>\r\n            <\/div>\r\n        <\/li>\r\n            <li class=\"timeline-item\">\r\n            <div class=\"timeline-info\">\r\n                <span>2009 - 2016<\/span>\r\n            <\/div>\r\n            <div class=\"timeline-marker\"><\/div>\r\n            <div class=\"timeline-content\">\r\n                <h3 class=\"timeline-title\">Markus Kesse<\/h3>\r\n                <div class=\"timeline-img\">\r\n                                    <\/div>\r\n                <p class=\"timeline-text\"> <\/p>\r\n            <\/div>\r\n        <\/li>\r\n            <li class=\"timeline-item\">\r\n            <div class=\"timeline-info\">\r\n                <span>2016 bis heute<\/span>\r\n            <\/div>\r\n            <div class=\"timeline-marker\"><\/div>\r\n            <div class=\"timeline-content\">\r\n                <h3 class=\"timeline-title\">Hendrik Rohling<\/h3>\r\n                <div class=\"timeline-img\">\r\n                    <img loading=\"lazy\" decoding=\"async\" width=\"250\" height=\"334\" src=\"https:\/\/meinbsv.de\/ehrengarde\/wp-content\/uploads\/sites\/2\/2024\/04\/Hendrik_Rohling-scaled-e1715349840952.jpg\" class=\"attachment-full size-full\" alt=\"\" \/>                <\/div>\r\n                <p class=\"timeline-text\"> <\/p>\r\n            <\/div>\r\n        <\/li>\r\n        <\/ul>\r\n<\/div><\/div>\n                <\/div>\n              <\/div>\n            <\/div>\n          <\/div>\n        <\/div>\n      <\/div>\n      <div data-colibri-id=\"83-c13\" class=\"h-row-container gutters-row-lg-2 gutters-row-md-2 gutters-row-0 gutters-row-v-lg-2 gutters-row-v-md-2 gutters-row-v-2 style-289 style-local-83-c13 position-relative\">\n        <!---->\n        <div class=\"h-row justify-content-lg-center justify-content-md-center justify-content-center align-items-lg-stretch align-items-md-stretch align-items-stretch gutters-col-lg-2 gutters-col-md-2 gutters-col-0 gutters-col-v-lg-2 gutters-col-v-md-2 gutters-col-v-2\">\n          <!---->\n          <div class=\"h-column h-column-container d-flex h-col-lg-auto h-col-md-auto h-col-auto style-290-outer style-local-83-c14-outer\">\n            <div data-colibri-id=\"83-c14\" class=\"d-flex h-flex-basis h-column__inner h-px-lg-2 h-px-md-2 h-px-2 v-inner-lg-2 v-inner-md-2 v-inner-2 style-290 style-local-83-c14 position-relative\">\n              <!---->\n              <!---->\n              <div class=\"w-100 h-y-container h-column__content h-column__v-align flex-basis-100 align-self-lg-start align-self-md-start align-self-start\">\n                <!---->\n                <div data-colibri-id=\"83-c15\" class=\"h-icon style-288 style-local-83-c15 position-relative h-element\">\n                  <!----><span class=\"h-svg-icon h-icon__icon style-288-icon style-local-83-c15-icon\"><!--Icon by Ionicons (https:\/\/ionicons.com)--><svg version=\"1.1\" xmlns=\"http:\/\/www.w3.org\/2000\/svg\" xmlns:xlink=\"http:\/\/www.w3.org\/1999\/xlink\" id=\"music-note\" viewBox=\"0 0 384 512\"><path d=\"M362 32c12 0 22 9 22 21v303s-3 43-12 55c-9 15-25 21-43 21h-37c-28 0-52-20-52-48s24-48 52-48h60V144l-208 38v232c0 8-3 27-13 41-1 2-2 3-3 5 0 1-1 1-2 2-9 11-23 18-38 18H51c-28 0-51-20-51-48s23-48 51-48h61V98c1-14 13-28 27-32l218-33s3-1 5-1z\"><\/path><\/svg><\/span><\/div>\n                <div\n                  data-colibri-id=\"83-c16\" class=\"h-text h-text-component style-291 style-local-83-c16 position-relative h-element\">\n                  <!---->\n                  <!---->\n                  <div class=\"\">\n                    <p>\u2026 Hoch lebe unser Kommandeur! Er reitet stolz zu Pferde. Und wir, wir ziehen hinterher, \u2013 gibt\u00b4s sch\u00f6neres auf der Erde?\u200b<\/p>\n                  <\/div>\n              <\/div>\n            <\/div>\n          <\/div>\n        <\/div>\n      <\/div>\n    <\/div>\n  <\/div>\n<\/div>\n<\/div>","protected":false},"excerpt":{"rendered":"<p>Die Geschichte der Ehrengarde Freckenhorst Im Jahre 1925, 89 Jahre nach Gr\u00fcndung des Sch\u00fctzenvereins, wurde unter dem Pr\u00e4ses Heinrich Wolff eine Ehrengarde ins Leben gerufen. Hugo Goldkuhle \u00fcbernahm die Leitung der&nbsp;B\u00fcrgers\u00f6hne&nbsp;im Alter von 18 bis 20 Jahren, deren&nbsp;erster Kommandeur Theo Preckel&nbsp;wurde. In den folgenden Jahren wurde unter den Kommandeuren Heinrich Dufhues, Heinrich D\u00fcpmann, Alois Hellmann, [&hellip;]<\/p>\n","protected":false},"author":3,"featured_media":0,"parent":0,"menu_order":0,"comment_status":"closed","ping_status":"closed","template":"page-templates\/full-width-page.php","meta":{"inline_featured_image":false,"footnotes":""},"class_list":["post-83","page","type-page","status-publish","hentry"],"_links":{"self":[{"href":"https:\/\/meinbsv.de\/ehrengarde\/wp-json\/wp\/v2\/pages\/83","targetHints":{"allow":["GET"]}}],"collection":[{"href":"https:\/\/meinbsv.de\/ehrengarde\/wp-json\/wp\/v2\/pages"}],"about":[{"href":"https:\/\/meinbsv.de\/ehrengarde\/wp-json\/wp\/v2\/types\/page"}],"author":[{"embeddable":true,"href":"https:\/\/meinbsv.de\/ehrengarde\/wp-json\/wp\/v2\/users\/3"}],"replies":[{"embeddable":true,"href":"https:\/\/meinbsv.de\/ehrengarde\/wp-json\/wp\/v2\/comments?post=83"}],"version-history":[{"count":16,"href":"https:\/\/meinbsv.de\/ehrengarde\/wp-json\/wp\/v2\/pages\/83\/revisions"}],"predecessor-version":[{"id":358,"href":"https:\/\/meinbsv.de\/ehrengarde\/wp-json\/wp\/v2\/pages\/83\/revisions\/358"}],"wp:attachment":[{"href":"https:\/\/meinbsv.de\/ehrengarde\/wp-json\/wp\/v2\/media?parent=83"}],"curies":[{"name":"wp","href":"https:\/\/api.w.org\/{rel}","templated":true}]}}